common divisor of 42 and d.
6
Let i(a) = 94*a**2 - 276*a + 838. Let k be i(3). What is the greatest common factor of k and 107?
107
Let q = 148944 + -148938. Let t = 12 + -6. Suppose 3*z = r + t, -2*r - 4*z + 27 = 9. Calculate the greatest common divisor of q and r.
3
Let l(g) = 570*g - 192. Let t be l(2). What is the greatest common divisor of t and 12?
12
Let y be ((-4446)/(-95))/(4/10). Let k = 236 - y. Calculate the greatest common divisor of k and 17.
17
Let n = -263 + 247. Let a be 33 - 2*(-56)/n. Calculate the greatest common divisor of a and 208.
26
Let g(j) = -2*j**2 - 53*j - 1. Let i be g(-13). Suppose 8*c = i + 578. What is the greatest common divisor of c and 174?
58
Let z(r) be the second derivative of r**4/3 + 7*r**3/6 + 16*r**2 + 7*r. Let i be z(-4). Let d = 91 - i. Calculate the highest common factor of d and 46.
23
Let v(u) = -45*u + 585. Let a be v(-13). Calculate the highest common factor of 30 and a.
30
Suppose 4*g + 331 - 255 = 2*t, -4*g + 162 = 5*t. What is the greatest common factor of 7021 and t?
17
Suppose -152*x = -146*x - 3990. Calculate the greatest common factor of x and 105.
35
Let k be -6 - -4 - 5/1. Let i = 41 + k. Suppose -2*v - 9 = -5*a - 38, -v + a + 16 = 0. What is the highest common factor of i and v?
17
Let k be 3/(11 + -5 - 4071/679). Suppose -489 = -2*q - 5*o - 67, 4*o + k = 3*q. What is the greatest common divisor of 91 and q?
13
Let u(p) = p**3 + 14*p**2 - 219*p + 2831. Let g be u(14). What is the greatest common factor of g and 153?
51
Let c(x) = 118*x**2 + 891*x - 2685. Let b be c(3). Calculate the highest common divisor of 4550 and b.
350
Suppose -v = -4*s + 33, -s - 2*v = -2 - 4. Suppose 5*u = s*u. Suppose j + u - 2 = 0. Calculate the greatest common factor of 2 and j.
2
Suppose -11*l + 91 = -96. Let u = l + 36. Let c = 59 - u. Calculate the highest common factor of 6 and c.
6
Suppose -36*v + 11040 = 56*v. What is the greatest common divisor of v and 195?
15
Let o(t) = t**2 - 52*t + 760. Let l be o(26). Suppose -3*j + 72 = -j. Calculate the greatest common divisor of j and l.
12
Let r(f) = 12*f**2 + 54*f - 13. Let p be r(13). Calculate the greatest common factor of p and 572.
143
Suppose 537085 + 611017 - 361262 = 158*n. What is the greatest common divisor of 210 and n?
30
Suppose -31857 = -591*x + 145443. What is the greatest common divisor of x and 1308?
12
Let y(v) = -v**3 + 13*v**2 + 12*v - 2. Let k be y(14). Let l be (101 - 1) + (-5)/(k/24). What is the greatest common factor of l and 13?
13
Suppose -3*j - 3*v = -24, j - 35 = -148*v + 150*v. What is the highest common divisor of 30413 and j?
17
Let w be -1*((-60333)/117 + 2/(-6)). Calculate the greatest common divisor of w and 3268.
172
Let b = -2315 - -2437. What is the greatest common divisor of b and 610?
122
Suppose 1296 = -2*t - w, 5*t + 5*w + 2580 = t. Let v = -263 - t. Calculate the greatest common factor of 9 and v.
9
Suppose j = -3*z + 12, 4*j - 67 = -5*z - 19. Let a = -635 - -643. Suppose -2*g - 122 = -2*n, -50 = -n - 2*g + a. What is the greatest common factor of j and n?
12
Let y be (-6)/10*(-3605)/309. Let n be 1292/14 + 2/(-7). Suppose n + 160 = 4*j. Calculate the greatest common factor of y and j.
7
Let z(r) = -r**3 + 51*r**2 - 254*r + 506. Let f be z(44). Calculate the greatest common factor of f and 22.
22
Let v be 3 + (-3 + -3 - 42/(-2)). Let g = -5 - -7. Suppose 4*q = g*a - 12, -3*a - q + 2*q = -v. Calculate the greatest common divisor of 9 and a.
3
Suppose 0 = -15*m + 12*m - 27. Let g(n) = -n**2 - 12*n + 6. Let r be g(m). Calculate the highest common divisor of r and 143.
11
Let n = -38 - -83. Let t = -54 - -40. Let w(o) = -2*o + 2. Let f be w(t). What is the highest common divisor of f and n?
15
Let s = 1685 + -1615. Calculate the highest common factor of 90 and s.
10
Let t = 390 + -338. Let l(m) = 9*m**2 + 10*m + 26. Let w be l(-4). Calculate the greatest common factor of t and w.
26
Let v be (8 + -3 - 1) + -149. Let r = -128 - v. Calculate the greatest common divisor of r and 119.
17
Suppose 72 = 4*k - k. Suppose 7*x - 74 = -60. Let u be 4 - x - -261 - (-12)/12. Calculate the greatest common factor of k and u.
24
Suppose 0 = 36*v - 139 - 437. Calculate the highest common factor of 360 and v.
8
Let z(g) = 262*g**2 - 10*g - 9. Let t be z(-1). Suppose -12*l + t = -97. Calculate the greatest common factor of l and 54.
6
Let u(o) = 2*o**2 + 21*o - 32. Let t be u(-15). Let h = 188 - t. Suppose -3*v + 45 = -6. What is the highest common divisor of h and v?
17
Let c(j) = 5*j**3 - 2*j**2 + 18*j + 119. Let u be c(0). Calculate the highest common divisor of 8585 and u.
17
Suppose -3*c = -2*b - 7*c - 62, -b - 10 = -5*c. Let v be (-702)/(-8) + b/(-100). What is the greatest common divisor of v and 11?
11
Suppose 5*x - 3*c = 2207, 4*x - x = 4*c + 1322. Let m = -409 + x. Calculate the greatest common factor of 187 and m.
11
Suppose -2*w + 3*w - 280 = -3*q, -2*w + 575 = q. Let g = 28228 - 28177. What is the highest common factor of w and g?
17
Suppose 7*j - 676 = -2*w + 5*j, 347 = w + 4*j. Calculate the highest common factor of 1139 and w.
67
Suppose f - 72 = 5*f. Let v = 566 + -526. Let s be (v/18 - 2) + (-1562)/f. What is the greatest common factor of 58 and s?
29
Let y be 8/(-14)*7/(-2). Suppose 10 + 26 = y*o. Let w be (432/2)/((6 - (-77)/(-22)) + -1). Calculate the greatest common factor of o and w.
18
Let p be ((-737300)/438)/(2/(-3)). What is the highest common divisor of 303 and p?
101
Suppose r = -5*z, 16*z - 18 = -3*r + 19*z. Calculate the highest common divisor of r and 131.
1
Let o be 119 + (0/(-2))/4. Suppose 9*c - 36*c - 7*c + 238 = 0. Calculate the greatest common factor of o and c.
7
Let u(d) = -d**3 + 68*d**2 + 19*d - 380. Let z be u(68). What is the greatest common divisor of z and 57?
57
Suppose 2*t - 5*t = 3*x + 2547, 4*x + 1696 = -2*t. Let g = 935 + t. Let a = -8 + 13. Calculate the greatest common factor of a and g.
5
Let o(h) = -h**3 - 5*h**2 + 5*h + 2. Let z be o(-6). Let g = 160 + -170. Let r be -70*((-12)/g + 0 + -2). Calculate the highest common divisor of r and z.
8
Let z be 65*54/(-12)*13/(1365/(-28)). Calculate the greatest common factor of 598 and z.
26
Let q(g) = 806*g - 5628. Let z be q(7). Calculate the greatest common divisor of 106 and z.
2
Let c = 190 + -121. Let m = 81 - c. Suppose m*n = 2220 + 696. What is the highest common factor of 27 and n?
27
Suppose 2150 - 134246 = -22*g - 9402. Calculate the highest common divisor of 33 and g.
33
Suppose 3*s + 23 = -97. Let m be (s/100)/((-1)/10). Suppose 0 = m*p - 3*k - 31, 5*p - p + 2*k = 26. What is the greatest common divisor of p and 35?
7
Let c be (-57)/21 + 2/(-7). Let m be ((-80)/25)/(c/30*2). Let o be 40/(-6)*396/(-15). Calculate the greatest common factor of o and m.
16
Suppose a - 143 = -b + 485, -a = -2*b - 616. What is the greatest common divisor of a and 132?
12
Let v(u) = 6*u - 278. Let j be v(47). Suppose -m + s = j*s - 60, 235 = 5*m + 2*s. What is the greatest common factor of m and 30?
15
Let l = -5771 + 5775. What is the highest common divisor of l and 286?
2
Let s = 4217 - 4109. Let d be 7 + -4 + 1*69. What is the highest common divisor of d and s?
36
Suppose -3*k - 18 = 0, -2*h - 44*k + 39*k - 26 = 0. Calculate the greatest common divisor of h and 2618.
2
Suppose 62*w - 130064 = -31484. What is the highest common factor of w and 4505?
265
Suppose -2*k + 773 + 669 = n, 0 = -4*k - 12. What is the highest common factor of n and 136?
8
Suppose 39*s - d = 37*s + 1681, 0 = -s + 3*d + 843. What is the greatest common divisor of s and 1920?
120
Suppose 43*m + 2*s = 39*m + 104, 3*s = 2*m - 60. Let i = 154 + 53. Calculate the greatest common divisor of i and m.
9
Let j = 38 + -46. Let a be (42/j)/((21/12)/(-7)). What is the highest common divisor of a and 9?
3
Let h = 1025 - 469. Suppose 6*s - 2230 = -h. What is the greatest common divisor of 93 and s?
93
Let o = -2349 + 2376. Calculate the greatest common factor of 999 and o.
27
Let w = 4385 + -1847. Calculate the highest common divisor of 108 and w.
54
Let s(d) = 33*d**2 + 91*d + 1930. Let y be s(-22). Calculate the greatest common factor of y and 12.
12
Let f = -3469793 + 3469878. Let p = -1 + 4. Suppose -p*d + 10 + 60 = 5*z, -2*z - 5*d = -9. Calculate the greatest common factor of z and f.